16 (base 10) to base 15
11
-100 (base 3) to base 6
-13
38 (base 16) to base 4
320
What is 1 (base 2) in base 6?
1
-16 (base 15) to base 16
-15
Convert 4 (base 14) to base 7.
4
Convert 3 (base 10) to base 9.
3
Convert 0 (base 16) to base 10.
0
-58 (base 16) to base 9
-107
Convert 0 (base 10) to base 9.
0
What is 11 (base 7) in base 15?
8
What is -8 (base 16) in base 9?
-8
2 (base 7) to base 16
2
What is -3 (base 6) in base 13?
-3
What is -1 (base 16) in base 7?
-1
-2 (base 8) to base 6
-2
What is -2 (base 10) in base 15?
-2
What is 83 (base 12) in base 11?
90
Convert 3 (base 10) to base 13.
3
Convert 12c (base 15) to base 10.
267
What is 6 (base 16) in base 4?
12
What is -1342 (base 5) in base 7?
-435
What is 93 (base 15) in base 6?
350
4 (base 8) to base 3
11
What is -1 (base 16) in base 13?
-1
Convert -2 (base 16) to base 8.
-2
What is 16 (base 11) in base 3?
122
What is 3 (base 5) in base 10?
3
Convert 1 (base 13) to base 5.
1
Convert 10 (base 2) to base 13.
2
What is -10 (base 9) in base 10?
-9
Convert 109 (base 11) to base 9.
154
Convert 2 (base 5) to base 11.
2
-3 (base 10) to base 2
-11
-36 (base 13) to base 12
-39
What is -32 (base 10) in base 2?
-100000
What is -1 (base 10) in base 16?
-1
-15 (base 12) to base 3
-122
-a (base 11) to base 2
-1010
-4 (base 6) to base 11
-4
What is -25 (base 7) in base 10?
-19
What is -12020 (base 3) in base 4?
-2031
14 (base 7) to base 10
11
-1 (base 15) to base 11
-1
What is 1232 (base 5) in base 13?
11a
What is -3 (base 6) in base 12?
-3
Convert -3 (base 16) to base 6.
-3
What is -2 (base 7) in base 6?
-2
Convert 13 (base 4) to base 14.
7
Convert 18 (base 14) to base 8.
26
What is -101 (base 2) in base 8?
-5
What is 46 (base 11) in base 9?
55
Convert 50 (base 12) to base 8.
74
Convert -400 (base 8) to base 14.
-144
Convert -6 (base 11) to base 7.
-6
-1 (base 4) to base 5
-1
What is -1014 (base 5) in base 15?
-8e
5 (base 10) to base 11
5
89 (base 14) to base 5
441
Convert 51 (base 14) to base 4.
1013
2 (base 15) to base 2
10
What is 8 (base 10) in base 14?
8
What is -2210 (base 3) in base 13?
-5a
330 (base 4) to base 14
44
7 (base 10) to base 2
111
Convert b (base 13) to base 15.
b
What is -5 (base 14) in base 3?
-12
10110 (base 2) to base 6
34
Convert -3 (base 12) to base 16.
-3
What is -10 (base 12) in base 2?
-1100
What is 16e (base 15) in base 10?
329
Convert -2 (base 7) to base 10.
-2
-3 (base 15) to base 14
-3
What is 4 (base 15) in base 11?
4
Convert -1000 (base 2) to base 10.
-8
10100 (base 2) to base 12
18
What is -11 (base 2) in base 7?
-3
What is -a7 (base 11) in base 12?
-99
6 (base 8) to base 12
6
Convert -401 (base 6) to base 16.
-91
0 (base 10) to base 3
0
What is 47 (base 8) in base 11?
36
2 (base 8) to base 13
2
-3 (base 12) to base 7
-3
What is -20012 (base 3) in base 15?
-b2
What is -1 (base 3) in base 11?
-1
Convert -2231 (base 5) to base 3.
-102201
Convert -15 (base 9) to base 7.
-20
Convert 1111 (base 2) to base 7.
21
What is -100001 (base 2) in base 12?
-29
Convert 110 (base 2) to base 3.
20
What is 8 (base 12) in base 2?
1000
What is 3 (base 13) in base 10?
3
Convert -33 (base 5) to base 16.
-12
-67 (base 11) to base 10
-73
-2 (base 8) to base 3
-2
Convert -12 (base 11) to base 10.
-13
56 (base 9) to base 8
63
What is -1 (base 7) in base 4?
-1
Convert 1111 (base 2) to base 4.
33
What is 7 (base 9) in base 6?
11
Convert -3c (base 13) to base 4.
-303
-8 (base 13) to base 10
-8
Convert 2 (base 5) to base 4.
2
5 (base 12) to base 4
11
156 (base 9) to base 4
2010
Convert -2 (base 15) to base 12.
-2
Convert 39 (base 15) to base 4.
312
Convert 100 (base 4) to base 2.
10000
Convert -2 (base 6) to base 3.
-2
What is 2 (base 3) in base 13?
2
What is 9 (base 12) in base 11?
9
29 (base 11) to base 2
11111
Convert f (base 16) to base 7.
21
What is -352 (base 7) in base 9?
-224
-286 (base 11) to base 10
-336
Convert 5 (base 14) to base 13.
5
What is 13 (base 5) in base 2?
1000
What is 2002 (base 4) in base 7?
244
4 (base 8) to base 7
4
-1 (base 4) to base 11
-1
Convert -3 (base 9) to base 11.
-3
Convert -23 (base 12) to base 15.
-1c
-2 (base 12) to base 3
-2
Convert -10 (base 7) to base 3.
-21
-111 (base 4) to base 13
-18
-19 (base 10) to base 6
-31
Convert 11111 (base 2) to base 10.
31
Convert -1 (base 10) to base 4.
-1
1 (base 15) to base 2
1
Convert -23 (base 4) to base 9.
-12
What is -52 (base 8) in base 14?
-30
Convert -1010 (base 6) to base 11.
-192
6 (base 10) to base 12
6
Convert 12210 (base 3) to base 15.
a6
Convert 1010111 (base 2) to base 3.
10020
33 (base 9) to base 10
30
What is 1d (base 14) in base 13?
21
What is 0 (base 3) in base 11?
0
-12210 (base 3) to base 14
-b2
-189 (base 10) to base 2
-10111101
-4 (base 15) to base 7
-4
Convert -114 (base 7) to base 13.
-48
Convert 12 (base 4) to base 5.
11
-22 (base 15) to base 16
-20
What is 1313 (base 4) in base 9?
142
-2 (base 14) to base 6
-2
Convert 1a (base 14) to base 16.
18
Convert -43 (base 5) to base 4.
-113
What is -3 (base 9) in base 10?
-3
Convert -3 (base 8) to base 2.
-11
-3203 (base 4) to base 3
-22102
-4 (base 5) to base 11
-4
9 (base 15) to base 2
1001
What is 1 (base 2) in base 10?
1
What is 95 (base 14) in base 5?
1011
-6a (base 16) to base 9
-127
-102 (base 6) to base 13
-2c
Convert 210 (base 5) to base 15.
3a
-a2 (base 12) to base 6
-322
What is -b (base 13) in base 3?
-102
What is -46 (base 16) in base 2?
-1000110
What is -1 (base 7) in base 9?
-1
-131 (base 7) to base 13
-56
-1 (base 13) to base 9
-1
Convert -205 (base 6) to base 10.
-77
What is -32 (base 11) in base 4?
-203
Convert 32 (base 4) to base 13.
11
What is 11101 (base 2) in base 12?
25
a0 (base 11) to base 5
420
What is -1020 (base 3) in base 11?
-30
What is 2 (base 16) in base 6?
2
Convert -b9 (base 15) to base 8.
-256
Convert -1220 (base 4) to base 12.
-88
3 (base 12) to base 16
3
What is 13 (base 5) in base 15?
8
What is -25 (base 10) in base 9?
-27
What is 74 (base 13) in base 2?
1011111
What is 34 (base 8) in base 2?
11100
Convert 13 (base 4) to base 11.
7
What is 0 (base 14) in base 7?
0
-5 (base 8) to base 3
-12
Convert -2d (base 15) to base 4.
-223
Convert 20 (base 4) to base 8.
10
Convert -5 (base 14) to base 9.
-5
15 (base 16) to base 10
21
Convert -2 (base 16) to base 14.
-2
28 (base 14) to base 12
30
What is 9 (base 13) in base 3?
100
Convert -412 (base 5) to base 6.
-255
What is 2 (base 8) in base 11?
2
1 (base 13) to base 16
1
Convert 87 (base 9) to base 10.
79
Convert -9 (base 10) to base 3.
-100
What is -212 (base 6) in base 16?
-50
Convert -1a (base 16) to base 9.
-28
13 (base 8) to base 9
12
Convert -14 (base 9) to base 3.
-111
Convert -10010 (base 2) to base 4.
-102
Convert -3 (base 14) to base 16.
-3
4 (base 6) to base 10
4
What is 2 (base 13) in base 11?
2
What is 1013 (base 4) in base 11?
65
110000 (base 3) to base 13
1bc
Convert -10 (base 11) to base 9.
-12
Convert 3 (base 13) to base 7.
3
What is -12 (base 13) in base 15?
-10
What is 10 (base 2) in base 12?
2
Convert 11 (base 14) to base 13.
12
Convert 0 (base 15) to base 9.
0
Convert -2 (base 11) to base 15.
-2
321 (base 7) to base 9
200
Convert 100001 (base 2) to base 8.
41
What is -11 (base 6) in base 8?
-7
-4b (base 14) to base 9
-74
What is -7 (base 9) in base 16?
-7
Convert -8 (base 16) to base 12.
-8
-1 (base 11) to base 16
-1
What is -1 (base 2) in base 13?
-1
What is 6 (base 9) in base 16?
6
16 (base 11) to base 10
17
What is 38 (base 16) in base 14?
40
0 (base 16) to base 7
0
Convert 4 (base 5) to base 9.
4
What is 4 (base 13) in base 7?
4
-11 (base 9) to base 3
-101
What is -10101100 (base 2) in base 14?
-c4
2 (base 8) to base 3
2
4 (base 15) to base 13
4
What is 1011 (base 2) in base 14?
b
b (base 13) to base 2
1011
Convert 3 (base 5) to base 15.
3
Convert 2e (base 16) to base 12.
3a
What is -2 (base 6) in base 10?
-2
What is 10 (base 7) in base 4?
13
-1100 (base 3) to base 16
-24
What is 52 (base 15) in base 9?
85
31 (base 6) to base 5
34
What is 1000100 (base 2) in base 12?
58
What is -343 (base 7) in base 4?
-2302
Convert -44 (base 6) to base 15.
-1d
Convert 40 (base 16) to base 11.
59
Convert -3 (base 6) to base 2.
-11
123 (base 5) to base 16
26
What is -8 (base 13) in base 3?
-22
Convert -3 (base 10) to base 11.
-3
102 (base 3) to base 6
15
What is -33 (base